{"id":4421,"date":"2020-08-03T11:13:17","date_gmt":"2020-08-03T09:13:17","guid":{"rendered":"https:\/\/www.musikplus.at\/editorial2020-21\/"},"modified":"2020-11-20T11:05:27","modified_gmt":"2020-11-20T10:05:27","slug":"editorial2020-21","status":"publish","type":"page","link":"https:\/\/www.musikplus.at\/en\/editorial2020-21\/","title":{"rendered":"Editorial 2020\/21"},"content":{"rendered":"<p>Liebes Publikum, liebe Freundinnen und Freunde unserer Arbeit,<\/p>\n<p>das Jahr 2020 und die Auswirkungen der Covid-19-Pandemie werden uns lange begleiten. Die monatelange Stille in den f\u00fcr Kultur vorgesehenen S\u00e4len, die Unm\u00f6glichkeit des gemeinsamen Erlebnisses hat uns alle in den unterschiedlichen Bereichen des Lebens hart getroffen. Umso ber\u00fchrender war das erste Konzert, das erste Beisammensein, die Musik, die sich mit und durch das Publikum im Raum entwickelte. Das Internet war in dieser Zeit eine St\u00fctze, es wurde jedoch vielen klar, dass es nie ein Ersatz f\u00fcr das reale Erlebnis sein kann. Obwohl dieses \u201ein natura&#8221; derzeit nur mit strikten Regeln und einem lebensnotwendigen Mehraufwand umgesetzt werden kann, ist die gemeinsame Zeit ein Motor f\u00fcr unseren Geist und unsere Seele. All diese Umst\u00e4nde verlangen durchdachte, sich stetig ver\u00e4ndernde Konzepte und damit verbundene Neuplanungen, so mussten Sie dieses Jahr etwas l\u00e4nger als sonst auf die Ver\u00f6ffentlichung unserer Saison warten.<\/p>\n<p>Umso sch\u00f6ner ist es, Ihnen ein Programm vorstellen zu d\u00fcrfen, das sich mehr denn je dem Grundsatz von musik+ verbunden f\u00fchlt. Bereits der Anfang der Saison mit Jordi Savall verbindet unterschiedliche <em>Kulturen und Religionen des Mittelmeerraumes<\/em>. Nach l\u00e4ngerer Pause besucht uns das \u00f6sterreichische Ensemble Unicorn um Michael Posch gemeinsam mit Oni Wytars, sie begeben sich auf eine vorweihnachtliche Reise zum <em>Stern des Orients<\/em>.<\/p>\n<p>Der Musik unserer Zeit sind gleich mehrere Abende gewidmet. <em>Im Portrait<\/em> steht Johannes Maria Staud, einer der wichtigsten \u00f6sterreichischen Komponisten. Ihm sind mit dem Ensemble Phace zwei Konzerte und ein Salon gewidmet. Als im Hier und Jetzt lebende Menschen ist es unsere Aufgabe, auch Auftragswerke zu vergeben. Bis Anfang des 20. Jahrhunderts war es ganz allt\u00e4glich, dass man vor allem die Musik der Zeit miterlebt und diskutiert hat. Es w\u00e4re sch\u00f6n, wenn wir diesen Zustand wieder herstellen k\u00f6nnten und in der Spannung zwischen Alt und Neu Musik erfahren.<\/p>\n<p>Diese Kontraste und auch Gemeinsamkeiten zeigen sich u.a. \u00fcber das Duo En\u00dfle-Lamprecht und <em>Silvester still feiern<\/em>. Wie auch in <em>Passion bis heute<\/em> mit Auftragswerken.<\/p>\n<p>Die Entwicklung von Musik hervorgerufen durch den Instrumentenbau erklingt in einem Konzert des italienischen Cembalisten Lorenzo Ghielmi auf den wunderbaren Instrumenten des Tirolers Herbert Kuen. Deb\u00fcts schenken uns das junge Ensemble between feathers, der einzigartige Bariton Konstantin Krimmel mit Eichendorff-Vertonungen, das renommierte Collegium 1704, wie auch das belgische Ensemble a nocte temporis um Reinoud Van Mechelen.<\/p>\n<p>Neben diesen vielen neuen Begegnungen freuen wir uns sehr \u00fcber bereits bekannte Gesichter: Das Edding Quartet mit Brahms und Schuberts <em>Der Tod und das M\u00e4dchen<\/em>, Igor Levit, der uns gemeinsam mit dem Hagen Quartett die Musik Dimitri Schostakowitsch n\u00e4her bringt sowie Jean-Guihen Queyras und <em>Beyond T(h)races<\/em>.<\/p>\n<p>In Erwartung auf all diese gemeinsamen Erfahrungen \u2013 komme was wolle \u2013 w\u00fcnschen wir Ihnen viel Freude beim Lesen des Programms.<\/p>\n<p>Hannah Crepaz und Team<\/p>\n","protected":false},"excerpt":{"rendered":"<p>Liebes Publikum, liebe Freundinnen und Freunde unserer Arbeit, das Jahr 2020 und die Auswirkungen der Covid-19-Pandemie werden uns lange begleiten. Die monatelange Stille in den f\u00fcr Kultur vorgesehenen S\u00e4len, die Unm\u00f6glichkeit des gemeinsamen Erlebnisses hat uns alle in den unterschiedlichen Bereichen des Lebens hart getroffen. Umso ber\u00fchrender war das erste Konzert, das erste Beisammensein, die [&hellip;]<\/p>\n","protected":false},"author":1,"featured_media":0,"parent":0,"menu_order":0,"comment_status":"closed","ping_status":"closed","template":"informationen2.php","meta":{"_acf_changed":false,"inline_featured_image":false,"footnotes":""},"class_list":["post-4421","page","type-page","status-publish","hentry"],"acf":[],"yoast_head":"<!-- This site is optimized with the Yoast SEO plugin v27.3 - https:\/\/yoast.com\/product\/yoast-seo-wordpress\/ -->\n<title>musik+ | Konzertreihe in Hall in Tirol und Innsbruck | Editiorial<\/title>\n<meta name=\"description\" content=\"musik+ gibt als Konzertreihe in Innsbruck und Hall wichtige Impulse. Sie stellt die Verbindung verschiedener K\u00fcnste und Lebensformen ins Zentrum.\" \/>\n<meta name=\"robots\" content=\"index, follow, max-snippet:-1, max-image-preview:large, max-video-preview:-1\" \/>\n<link rel=\"canonical\" href=\"https:\/\/www.musikplus.at\/en\/editorial2020-21\/\" \/>\n<meta property=\"og:locale\" content=\"en_US\" \/>\n<meta property=\"og:type\" content=\"article\" \/>\n<meta property=\"og:title\" content=\"musik+ | Konzertreihe in Hall in Tirol und Innsbruck | Editiorial\" \/>\n<meta property=\"og:description\" content=\"musik+ gibt als Konzertreihe in Innsbruck und Hall wichtige Impulse. Sie stellt die Verbindung verschiedener K\u00fcnste und Lebensformen ins Zentrum.\" \/>\n<meta property=\"og:url\" content=\"https:\/\/www.musikplus.at\/en\/editorial2020-21\/\" \/>\n<meta property=\"og:site_name\" content=\"Musikplus\" \/>\n<meta property=\"article:modified_time\" content=\"2020-11-20T10:05:27+00:00\" \/>\n<meta name=\"twitter:card\" content=\"summary_large_image\" \/>\n<meta name=\"twitter:label1\" content=\"Est. reading time\" \/>\n\t<meta name=\"twitter:data1\" content=\"2 minutes\" \/>\n<script type=\"application\/ld+json\" class=\"yoast-schema-graph\">{\"@context\":\"https:\\\/\\\/schema.org\",\"@graph\":[{\"@type\":\"WebPage\",\"@id\":\"https:\\\/\\\/www.musikplus.at\\\/en\\\/editorial2020-21\\\/\",\"url\":\"https:\\\/\\\/www.musikplus.at\\\/en\\\/editorial2020-21\\\/\",\"name\":\"musik+ | Konzertreihe in Hall in Tirol und Innsbruck | Editiorial\",\"isPartOf\":{\"@id\":\"https:\\\/\\\/www.musikplus.at\\\/en\\\/#website\"},\"datePublished\":\"2020-08-03T09:13:17+00:00\",\"dateModified\":\"2020-11-20T10:05:27+00:00\",\"description\":\"musik+ gibt als Konzertreihe in Innsbruck und Hall wichtige Impulse. Sie stellt die Verbindung verschiedener K\u00fcnste und Lebensformen ins Zentrum.\",\"breadcrumb\":{\"@id\":\"https:\\\/\\\/www.musikplus.at\\\/en\\\/editorial2020-21\\\/#breadcrumb\"},\"inLanguage\":\"en-US\",\"potentialAction\":[{\"@type\":\"ReadAction\",\"target\":[\"https:\\\/\\\/www.musikplus.at\\\/en\\\/editorial2020-21\\\/\"]}]},{\"@type\":\"BreadcrumbList\",\"@id\":\"https:\\\/\\\/www.musikplus.at\\\/en\\\/editorial2020-21\\\/#breadcrumb\",\"itemListElement\":[{\"@type\":\"ListItem\",\"position\":1,\"name\":\"Home\",\"item\":\"https:\\\/\\\/www.musikplus.at\\\/en\\\/\"},{\"@type\":\"ListItem\",\"position\":2,\"name\":\"Editorial 2020\\\/21\"}]},{\"@type\":\"WebSite\",\"@id\":\"https:\\\/\\\/www.musikplus.at\\\/en\\\/#website\",\"url\":\"https:\\\/\\\/www.musikplus.at\\\/en\\\/\",\"name\":\"Musikplus\",\"description\":\"\",\"potentialAction\":[{\"@type\":\"SearchAction\",\"target\":{\"@type\":\"EntryPoint\",\"urlTemplate\":\"https:\\\/\\\/www.musikplus.at\\\/en\\\/?s={search_term_string}\"},\"query-input\":{\"@type\":\"PropertyValueSpecification\",\"valueRequired\":true,\"valueName\":\"search_term_string\"}}],\"inLanguage\":\"en-US\"}]}<\/script>\n<!-- \/ Yoast SEO plugin. -->","yoast_head_json":{"title":"musik+ | Konzertreihe in Hall in Tirol und Innsbruck | Editiorial","description":"musik+ gibt als Konzertreihe in Innsbruck und Hall wichtige Impulse. Sie stellt die Verbindung verschiedener K\u00fcnste und Lebensformen ins Zentrum.","robots":{"index":"index","follow":"follow","max-snippet":"max-snippet:-1","max-image-preview":"max-image-preview:large","max-video-preview":"max-video-preview:-1"},"canonical":"https:\/\/www.musikplus.at\/en\/editorial2020-21\/","og_locale":"en_US","og_type":"article","og_title":"musik+ | Konzertreihe in Hall in Tirol und Innsbruck | Editiorial","og_description":"musik+ gibt als Konzertreihe in Innsbruck und Hall wichtige Impulse. Sie stellt die Verbindung verschiedener K\u00fcnste und Lebensformen ins Zentrum.","og_url":"https:\/\/www.musikplus.at\/en\/editorial2020-21\/","og_site_name":"Musikplus","article_modified_time":"2020-11-20T10:05:27+00:00","twitter_card":"summary_large_image","twitter_misc":{"Est. reading time":"2 minutes"},"schema":{"@context":"https:\/\/schema.org","@graph":[{"@type":"WebPage","@id":"https:\/\/www.musikplus.at\/en\/editorial2020-21\/","url":"https:\/\/www.musikplus.at\/en\/editorial2020-21\/","name":"musik+ | Konzertreihe in Hall in Tirol und Innsbruck | Editiorial","isPartOf":{"@id":"https:\/\/www.musikplus.at\/en\/#website"},"datePublished":"2020-08-03T09:13:17+00:00","dateModified":"2020-11-20T10:05:27+00:00","description":"musik+ gibt als Konzertreihe in Innsbruck und Hall wichtige Impulse. Sie stellt die Verbindung verschiedener K\u00fcnste und Lebensformen ins Zentrum.","breadcrumb":{"@id":"https:\/\/www.musikplus.at\/en\/editorial2020-21\/#breadcrumb"},"inLanguage":"en-US","potentialAction":[{"@type":"ReadAction","target":["https:\/\/www.musikplus.at\/en\/editorial2020-21\/"]}]},{"@type":"BreadcrumbList","@id":"https:\/\/www.musikplus.at\/en\/editorial2020-21\/#breadcrumb","itemListElement":[{"@type":"ListItem","position":1,"name":"Home","item":"https:\/\/www.musikplus.at\/en\/"},{"@type":"ListItem","position":2,"name":"Editorial 2020\/21"}]},{"@type":"WebSite","@id":"https:\/\/www.musikplus.at\/en\/#website","url":"https:\/\/www.musikplus.at\/en\/","name":"Musikplus","description":"","potentialAction":[{"@type":"SearchAction","target":{"@type":"EntryPoint","urlTemplate":"https:\/\/www.musikplus.at\/en\/?s={search_term_string}"},"query-input":{"@type":"PropertyValueSpecification","valueRequired":true,"valueName":"search_term_string"}}],"inLanguage":"en-US"}]}},"_links":{"self":[{"href":"https:\/\/www.musikplus.at\/en\/wp-json\/wp\/v2\/pages\/4421","targetHints":{"allow":["GET"]}}],"collection":[{"href":"https:\/\/www.musikplus.at\/en\/wp-json\/wp\/v2\/pages"}],"about":[{"href":"https:\/\/www.musikplus.at\/en\/wp-json\/wp\/v2\/types\/page"}],"author":[{"embeddable":true,"href":"https:\/\/www.musikplus.at\/en\/wp-json\/wp\/v2\/users\/1"}],"replies":[{"embeddable":true,"href":"https:\/\/www.musikplus.at\/en\/wp-json\/wp\/v2\/comments?post=4421"}],"version-history":[{"count":4,"href":"https:\/\/www.musikplus.at\/en\/wp-json\/wp\/v2\/pages\/4421\/revisions"}],"predecessor-version":[{"id":4587,"href":"https:\/\/www.musikplus.at\/en\/wp-json\/wp\/v2\/pages\/4421\/revisions\/4587"}],"wp:attachment":[{"href":"https:\/\/www.musikplus.at\/en\/wp-json\/wp\/v2\/media?parent=4421"}],"curies":[{"name":"wp","href":"https:\/\/api.w.org\/{rel}","templated":true}]}}

<p>Liebes Publikum, liebe Freundinnen und Freunde unserer Arbeit,</p>
<p>das Jahr 2020 und die Auswirkungen der Covid-19-Pandemie werden uns lange begleiten. Die monatelange Stille in den für Kultur vorgesehenen Sälen, die Unmöglichkeit des gemeinsamen Erlebnisses hat uns alle in den unterschiedlichen Bereichen des Lebens hart getroffen. Umso berührender war das erste Konzert, das erste Beisammensein, die Musik, die sich mit und durch das Publikum im Raum entwickelte. Das Internet war in dieser Zeit eine Stütze, es wurde jedoch vielen klar, dass es nie ein Ersatz für das reale Erlebnis sein kann. Obwohl dieses „in natura&#8221; derzeit nur mit strikten Regeln und einem lebensnotwendigen Mehraufwand umgesetzt werden kann, ist die gemeinsame Zeit ein Motor für unseren Geist und unsere Seele. All diese Umstände verlangen durchdachte, sich stetig verändernde Konzepte und damit verbundene Neuplanungen, so mussten Sie dieses Jahr etwas länger als sonst auf die Veröffentlichung unserer Saison warten.</p>
<p>Umso schöner ist es, Ihnen ein Programm vorstellen zu dürfen, das sich mehr denn je dem Grundsatz von musik+ verbunden fühlt. Bereits der Anfang der Saison mit Jordi Savall verbindet unterschiedliche <em>Kulturen und Religionen des Mittelmeerraumes</em>. Nach längerer Pause besucht uns das österreichische Ensemble Unicorn um Michael Posch gemeinsam mit Oni Wytars, sie begeben sich auf eine vorweihnachtliche Reise zum <em>Stern des Orients</em>.</p>
<p>Der Musik unserer Zeit sind gleich mehrere Abende gewidmet. <em>Im Portrait</em> steht Johannes Maria Staud, einer der wichtigsten österreichischen Komponisten. Ihm sind mit dem Ensemble Phace zwei Konzerte und ein Salon gewidmet. Als im Hier und Jetzt lebende Menschen ist es unsere Aufgabe, auch Auftragswerke zu vergeben. Bis Anfang des 20. Jahrhunderts war es ganz alltäglich, dass man vor allem die Musik der Zeit miterlebt und diskutiert hat. Es wäre schön, wenn wir diesen Zustand wieder herstellen könnten und in der Spannung zwischen Alt und Neu Musik erfahren.</p>
<p>Diese Kontraste und auch Gemeinsamkeiten zeigen sich u.a. über das Duo Enßle-Lamprecht und <em>Silvester still feiern</em>. Wie auch in <em>Passion bis heute</em> mit Auftragswerken.</p>
<p>Die Entwicklung von Musik hervorgerufen durch den Instrumentenbau erklingt in einem Konzert des italienischen Cembalisten Lorenzo Ghielmi auf den wunderbaren Instrumenten des Tirolers Herbert Kuen. Debüts schenken uns das junge Ensemble between feathers, der einzigartige Bariton Konstantin Krimmel mit Eichendorff-Vertonungen, das renommierte Collegium 1704, wie auch das belgische Ensemble a nocte temporis um Reinoud Van Mechelen.</p>
<p>Neben diesen vielen neuen Begegnungen freuen wir uns sehr über bereits bekannte Gesichter: Das Edding Quartet mit Brahms und Schuberts <em>Der Tod und das Mädchen</em>, Igor Levit, der uns gemeinsam mit dem Hagen Quartett die Musik Dimitri Schostakowitsch näher bringt sowie Jean-Guihen Queyras und <em>Beyond T(h)races</em>.</p>
<p>In Erwartung auf all diese gemeinsamen Erfahrungen – komme was wolle – wünschen wir Ihnen viel Freude beim Lesen des Programms.</p>
<p>Hannah Crepaz und Team</p>

<p>Liebes Publikum, liebe Freundinnen und Freunde unserer Arbeit, das Jahr 2020 und die Auswirkungen der Covid-19-Pandemie werden uns lange begleiten. Die monatelange Stille in den für Kultur vorgesehenen Sälen, die Unmöglichkeit des gemeinsamen Erlebnisses hat uns alle in den unterschiedlichen Bereichen des Lebens hart getroffen. Umso berührender war das erste Konzert, das erste Beisammensein, die [&hellip;]</p>

<!-- This site is optimized with the Yoast SEO plugin v27.3 - https://yoast.com/product/yoast-seo-wordpress/ -->
<title>musik+ | Konzertreihe in Hall in Tirol und Innsbruck | Editiorial</title>
<meta name="description" content="musik+ gibt als Konzertreihe in Innsbruck und Hall wichtige Impulse. Sie stellt die Verbindung verschiedener Künste und Lebensformen ins Zentrum." />
<meta name="robots" content="index, follow, max-snippet:-1, max-image-preview:large, max-video-preview:-1" />
<link rel="canonical" href="https://www.musikplus.at/en/editorial2020-21/" />
<meta property="og:locale" content="en_US" />
<meta property="og:type" content="article" />
<meta property="og:title" content="musik+ | Konzertreihe in Hall in Tirol und Innsbruck | Editiorial" />
<meta property="og:description" content="musik+ gibt als Konzertreihe in Innsbruck und Hall wichtige Impulse. Sie stellt die Verbindung verschiedener Künste und Lebensformen ins Zentrum." />
<meta property="og:url" content="https://www.musikplus.at/en/editorial2020-21/" />
<meta property="og:site_name" content="Musikplus" />
<meta property="article:modified_time" content="2020-11-20T10:05:27+00:00" />
<meta name="twitter:card" content="summary_large_image" />
<meta name="twitter:label1" content="Est. reading time" />
	<meta name="twitter:data1" content="2 minutes" />
<script type="application/ld+json" class="yoast-schema-graph">{"@context":"https:\/\/schema.org","@graph":[{"@type":"WebPage","@id":"https:\/\/www.musikplus.at\/en\/editorial2020-21\/","url":"https:\/\/www.musikplus.at\/en\/editorial2020-21\/","name":"musik+ | Konzertreihe in Hall in Tirol und Innsbruck | Editiorial","isPartOf":{"@id":"https:\/\/www.musikplus.at\/en\/#website"},"datePublished":"2020-08-03T09:13:17+00:00","dateModified":"2020-11-20T10:05:27+00:00","description":"musik+ gibt als Konzertreihe in Innsbruck und Hall wichtige Impulse. Sie stellt die Verbindung verschiedener Künste und Lebensformen ins Zentrum.","breadcrumb":{"@id":"https:\/\/www.musikplus.at\/en\/editorial2020-21\/#breadcrumb"},"inLanguage":"en-US","potentialAction":[{"@type":"ReadAction","target":["https:\/\/www.musikplus.at\/en\/editorial2020-21\/"]}]},{"@type":"BreadcrumbList","@id":"https:\/\/www.musikplus.at\/en\/editorial2020-21\/#breadcrumb","itemListElement":[{"@type":"ListItem","position":1,"name":"Home","item":"https:\/\/www.musikplus.at\/en\/"},{"@type":"ListItem","position":2,"name":"Editorial 2020\/21"}]},{"@type":"WebSite","@id":"https:\/\/www.musikplus.at\/en\/#website","url":"https:\/\/www.musikplus.at\/en\/","name":"Musikplus","description":"","potentialAction":[{"@type":"SearchAction","target":{"@type":"EntryPoint","urlTemplate":"https:\/\/www.musikplus.at\/en\/?s={search_term_string}"},"query-input":{"@type":"PropertyValueSpecification","valueRequired":true,"valueName":"search_term_string"}}],"inLanguage":"en-US"}]}</script>
<!-- / Yoast SEO plugin. -->

musik+ gibt als Konzertreihe in Innsbruck und Hall wichtige Impulse. Sie stellt die Verbindung verschiedener Künste und Lebensformen ins Zentrum.
